?
10
Calculate the highest common factor of 1125 and 2375.
125
Calculate the greatest common divisor of 12512 and 4284.
68
Calculate the highest common factor of 506 and 484.
22
Calculate the highest common factor of 770783 and 78.
13
Calculate the greatest common factor of 6523 and 407.
11
What is the greatest common divisor of 405 and 375?
15
What is the highest common factor of 105 and 702345?
105
Calculate the highest common factor of 504 and 2677752.
504
What is the greatest common factor of 464 and 325264?
464
Calculate the greatest common factor of 3834 and 918.
54
Calculate the highest common divisor of 77 and 22848.
7
What is the highest common divisor of 44 and 79244?
44
What is the highest common divisor of 215580 and 1500?
60
What is the highest common factor of 615 and 12585?
15
Calculate the greatest common factor of 695 and 16819.
139
Calculate the greatest common divisor of 732 and 14823.
183
Calculate the greatest common factor of 10918 and 6784.
106
What is the highest common divisor of 99 and 240383?
11
Calculate the highest common factor of 1393 and 461680.
199
Calculate the greatest common factor of 1665 and 11322.
333
What is the greatest common divisor of 1134 and 39186?
126
Calculate the greatest common factor of 2832 and 338778.
354
Calculate the highest common factor of 39697 and 371.
371
Calculate the highest common divisor of 6260 and 21100.
20
Calculate the highest common divisor of 83372 and 3572.
76
Calculate the highest common divisor of 522 and 342374.
58
Calculate the highest common divisor of 1219401 and 513.
513
What is the highest common divisor of 4582 and 424862?
158
What is the greatest common factor of 1380 and 810405?
345
Calculate the highest common factor of 747066 and 2670.
534
What is the highest common factor of 924 and 248160?
132
Calculate the highest common factor of 100 and 20150.
50
What is the highest common factor of 8228057 and 857?
857
Calculate the greatest common factor of 20631 and 10166.
299
Calculate the highest common divisor of 24355 and 10.
5
What is the highest common factor of 32592 and 36?
12
Calculate the highest common factor of 33480 and 2556.
36
Calculate the greatest common factor of 1603 and 13517.
7
Calculate the highest common factor of 1207 and 22117.
17
Calculate the highest common factor of 548472 and 8.
8
Calculate the greatest common factor of 13054 and 244.
122
What is the highest common divisor of 18 and 860?
2
Calculate the highest common factor of 220792 and 52.
52
What is the greatest common divisor of 7086908 and 113?
113
Calculate the greatest common factor of 54108 and 1782.
162
What is the greatest common divisor of 4350 and 250?
50
Calculate the highest common divisor of 326117 and 3289.
253
What is the highest common divisor of 510 and 65280?
510
What is the highest common divisor of 4 and 63408?
4
What is the highest common divisor of 220335 and 481?
37
Calculate the highest common divisor of 5175 and 4005.
45
Calculate the greatest common factor of 1054500 and 500.
500
Calculate the highest common divisor of 62 and 40579.
31
What is the greatest common factor of 72 and 124176?
24
Calculate the greatest common factor of 29719 and 1017.
113
What is the highest common divisor of 220 and 484?
44
Calculate the highest common divisor of 1235 and 1560.
65
What is the highest common factor of 3033 and 46169?
337
What is the highest common divisor of 38 and 140638?
38
Calculate the highest common divisor of 23121 and 36.
9
What is the greatest common factor of 104909 and 875?
7
What is the greatest common divisor of 27506 and 1802?
34
Calculate the highest common divisor of 38386 and 1054.
34
What is the greatest common divisor of 300 and 152325?
75
Calculate the highest common divisor of 10605 and 20.
5
What is the highest common divisor of 2967 and 88113?
69
Calculate the greatest common divisor of 102 and 141627.
51
Calculate the greatest common factor of 12600 and 9296.
56
Calculate the greatest common divisor of 578 and 3157903.
289
Calculate the greatest common divisor of 630 and 996534.
126
Calculate the greatest common factor of 32121 and 2193.
129
Calculate the highest common factor of 47990 and 470.
10
Calculate the greatest common factor of 129 and 31777.
43
What is the highest common divisor of 465 and 285135?
15
What is the highest common divisor of 2367698 and 218?
218
What is the greatest common factor of 26688 and 80?
16
What is the greatest common divisor of 9870 and 9330?
30
What is the greatest common divisor of 3426 and 773134?
1142
What is the greatest common factor of 64840 and 40?
40
Calculate the greatest common divisor of 41882 and 688.
86
What is the greatest common divisor of 3036 and 5106?
138
Calculate the greatest common divisor of 8711 and 2.
1
What is the greatest common divisor of 4131 and 15640?
17
What is the greatest common factor of 1110 and 3885?
555
What is the greatest common divisor of 996 and 51211?
83
What is the highest common factor of 3056 and 1048972?
764
Calculate the greatest common divisor of 64 and 131.
1
Calculate the highest common factor of 5388 and 1506.
6
What is the highest common factor of 338 and 1157?
13
Calculate the highest common factor of 162 and 297144.
18
Calculate the greatest common factor of 160130 and 27470.
670
What is the highest common divisor of 287 and 24997?
7
What is the greatest common divisor of 1053 and 3916107?
1053
Calculate the greatest common factor of 454 and 404.
2
Calculate the greatest common divisor of 122001 and 33.
33
Calculate the highest common divisor of 122879 and 14316.
1193
What is the greatest common divisor of 55493 and 27089?
263
Calculate the greatest common divisor of 3420 and 340.
20
What is the greatest common divisor of 525637 and 427?
427
What is the highest common factor of 84265 and 152?
19
What is the greatest common divisor of 44 and 1003772?
44
Calculate the greatest common factor of 5144774 and 87.
29
What is the greatest common divisor of 420958 and 1417?
109
Calculate the greatest common factor of 7287 and 336.
21
Calculate the highest common divisor of 1208 and 2760280.
1208
Calculate the greatest common divisor of 196110 and 180.
90
What is the greatest common divisor of 114 and 2028858?
114
What is the greatest common factor of 49267 and 209?
19
Calculate the highest common divisor of 190 and 135.
5
What is the greatest common divisor of 14982 and 152544?
1362
Calculate the highest common divisor of 7659 and 4419.
9
Calculate the greatest common divisor of 298 and 422266.
298
What is the highest common divisor of 92 and 1113453?
23
What is the highest common divisor of 791 and 8287307?
791
Calculate the highest common divisor of 31508 and 44.
4
Calculate the greatest common factor of 6105 and 1020.
15
What is the greatest common divisor of 20 and 33600?
20
What is the greatest common divisor of 129681 and 81?
81
Calculate the highest common factor of 9 and 9485.
1
Calculate the highest common factor of 12 and 6072.
12
Calculate the greatest common divisor of 7022 and 22.
2
What is the greatest common factor of 626650 and 2490?
830
Calculate the highest common factor of 87019 and 2012.
503
What is the highest common factor of 9234901 and 26?
13
Calculate the greatest common divisor of 36 and 3447.
9
What is the greatest common factor of 234440 and 120?
40
Calculate the highest common factor of 693 and 325809.
99
Calculate the greatest common divisor of 330 and 18870.
30
Calculate the highest common factor of 176 and 137346.
22
What is the greatest common factor of 165 and 29920?
55
What is the highest common factor of 585301 and 554?
277
What is the greatest common divisor of 21357 and 378?
189
Calculate the highest common factor of 476 and 23392.
68
Calculate the greatest common divisor of 16946 and 458.
458
Calculate the highest common factor of 28 and 268898.
14
Calculate the greatest common factor of 669 and 1875.
3
What is the greatest common factor of 273 and 147?
21
Calculate the greatest common divisor of 238 and 66266.
34
What is the greatest common divisor of 11 and 52063?
11
What is the highest common factor of 2584738 and 52?
26
What is the greatest common factor of 2046 and 628215?
93
What is the greatest common divisor of 12 and